a?
2, 5
Let f be (-4)/(-24) - 8/(144/(-33)). Suppose 5*i - 49*g + 47*g - 9250 = 0, 3*i = f*g + 5546. What are the prime factors of i?
2, 463
Let j = -1398 + 1390. Let o(u) = -u**3 - 7*u**2 - 9*u + 20. Let h(s) = s. Let x(i) = 5*h(i) + o(i). List the prime factors of x(j).
2, 29
Let t(z) = -4*z**2 + 37*z - 15. Let w be t(11). List the prime factors of (5/(5/w))/(36/(-594)).
2, 3, 11, 23
Let w be 76/(-95) + (-368)/(-10). Let l be (-560)/(-63) - (-4)/w. Suppose -l = 3*v, 13*a - 15*a + 295 = -3*v. List the prime factors of a.
11, 13
Suppose 26476 + 3237 = 5*z - 4*w, 4*z - 23771 = 3*w. List the prime factors of z.
5, 29, 41
Let l = -17653 + 25169. What are the prime factors of l?
2, 1879
Suppose -4*d + 262 = -342. Let a = d + -151. What are the prime factors of (41 - -21) + a + (-2)/(-2)?
3, 7
Let a(g) = -125*g**3 + 23*g**2 + 146*g + 99. What are the prime factors of a(-7)?
23, 1873
Suppose 4*u = -4*q + 260152, 73*u = 5*q + 74*u - 325202. What are the prime factors of q?
193, 337
Let k = -70807 + 119317. What are the prime factors of k?
2, 3, 5, 7, 11
List the prime factors of (-3)/(-30) + (1130201/90 - (-13)/117).
2, 3, 7, 13, 23
Let g = -12794 - -28156. List the prime factors of g.
2, 7681
List the prime factors of -5 - (2 - (-2)/2)/(2/(-39094)).
2, 107, 137
Let k(d) be the second derivative of 29*d**4/12 - 2*d**3/3 - 11*d**2/2 + 30*d + 2. List the prime factors of k(-4).
7, 67
List the prime factors of (-1*1)/((-60)/(-14860))*-3*41.
41, 743
Let b = 108 - 164. Suppose 2 = 5*p + 7. List the prime factors of (42/b)/(p/100).
3, 5
Let t(j) = j**2 - j - 8. Let l be t(4). Let f(g) be the second derivative of g**4/6 - 4*g**3/3 + 5*g**2 - 54*g. What are the prime factors of f(l)?
2, 5
Let q = -1021 - -3792. Suppose 4617 = 5*x - z, -q = -19*x + 16*x + z. What are the prime factors of x?
13, 71
Let t = -304 - -458. Let g = -109 + 43. Let i = g + t. List the prime factors of i.
2, 11
Let j(s) = s**2 + 15*s - 17. Let a be j(-16). Let v be (-1*a/1)/((-2)/(-38)). Let m = v + 22. List the prime factors of m.
41
List the prime factors of 2236/(-65)*-1115 + -20.
2, 599
List the prime factors of 12638*(-4)/(-8)*1.
71, 89
Suppose 4*s - 46427 = 5*l + 96211, -5*s + 178254 = l. List the prime factors of s.
2, 3, 2971
Let q(h) = 4*h**2 - 2*h + 2. Let s be q(-5). Let u = 8 + s. What are the prime factors of u?
2, 3, 5
Suppose -2*k = -5*f - 700 - 47164, -4*k + 4*f = -95740. What are the prime factors of k?
3, 79, 101
What are the prime factors of (-13 + (-108)/(-9))*-9475?
5, 379
Let h(i) = -i**3 - 6*i**2 + 18*i + 12. Let d be h(-9). Suppose -4*t = -151 - d. List the prime factors of ((-96)/(-14))/(t/(-21) + 3).
2, 3
Suppose 5*f + 7 + 78 = 0. Let c(z) = 2*z**2 + 9*z + 55. List the prime factors of c(f).
2, 3, 5
Let k(a) = -2*a**2 - a + 67. Let z(p) = -p**2 + 8*p - 10. Let j be z(5). Suppose j*q + 2*d - 5 = -3, 2 = 2*d. List the prime factors of k(q).
67
Let w be (-23474)/(-44)*(-52)/(-143). Let l(n) = n + 4. Let z be l(0). Suppose -z*y + 514 = -w. List the prime factors of y.
3, 59
Let b(o) = -o**3 - 25*o**2 - 70*o - 154. List the prime factors of b(-29).
2, 5, 131
Let d(w) = -60*w**2 - 6594*w + 114. What are the prime factors of d(-100)?
2, 3, 7, 13, 109
Let r be 4/(-10) + 51/15. Let a(u) = 2*u + 5 + 4 - 3*u**2 + 11*u**2 - 2 + u**r. What are the prime factors of a(-5)?
2, 3
Let w = -129 - -228. Let b be (6*w)/3*8/4. Suppose f = -4*r + 525, -3*f = 3*r - 0*f - b. What are the prime factors of r?
131
Suppose -4*l - 4 = 8. Let f be (-3 - 1005/9) + l/9. List the prime factors of (f/(-3))/((-4)/6 + 1).
5, 23
Let l(q) = q**3 + q**2 - 2*q + 7. Let v be l(-3). Let n(h) = -137*h - 84. What are the prime factors of n(v)?
601
Let a(u) = -98*u - 224. Let d be a(-6). Let j = 1172 + d. List the prime factors of j.
2, 3
Let w = 11462 - 4655. What are the prime factors of w?
3, 2269
Let q be (-1 - -2) + 0 + 4. Let p(j) = j**2 + 81*j + 80. Let d be p(-1). Suppose -3*i + q*i - 294 = d. List the prime factors of i.
3, 7
Let q = -7639 + 12693. List the prime factors of q.
2, 7, 19
Suppose 5*r - 13468 = -j, 4*r = 4*j - 13933 - 39843. What are the prime factors of j?
2, 41
Let t = -109 - -161. Let q be ((-30)/(-4))/(2/t). Suppose -2*w - 5*b = -q, 3*b = 5*w - 0*b - 565. List the prime factors of w.
2, 5, 11
Let k be (-40)/(-8) + 9/(-3). Let z be ((19 + k)*1)/1. Suppose -2*a - 5*j + 13 = -1, -3*a = 3*j - z. List the prime factors of a.
7
Let t(u) = 16039*u**2 + 303*u - 605. List the prime factors of t(2).
64157
List the prime factors of 162/27*4997/3.
2, 19, 263
Let l be ((-6)/4)/(3 - (-162)/(-52)). Let x = -10 + l. Let c = 14 + x. List the prime factors of c.
17
What are the prime factors of (-154)/11 + 3120 - -7?
11, 283
Suppose -b - 4*m + 12058 = 0, 2*m = 2*b + 3130 - 27206. List the prime factors of b.
2, 3, 223
Suppose s + l - 2782 = -750, 2*l - 8118 = -4*s. List the prime factors of s.
2027
Let k be 174/(-8) + (-6)/(-8). What are the prime factors of 14/(490/k)*(-2 + -443)?
3, 89
Let v(b) = 7*b**3 - 7*b**2 + 39*b + 6. Let z be v(8). Suppose -5*f = 3*r - 2*r - z, -5*f - 5*r = -3450. List the prime factors of f.
691
What are the prime factors of ((-3)/((-30)/20885) + 7)*(-2)/(-3)?
11, 127
Let a be (-6)/(-3) + -2 + 7. Suppose 3666 = 6*q + a*q. List the prime factors of q.
2, 3, 47
Let n be (7 + -2)*13/65. Let d be (n/(-3)*3)/(-1) + 5. What are the prime factors of 166 + d + 3/1?
5, 7
Let b = 58 - 49. Suppose -306 = b*h - 12*h. Suppose 2*l = s + 2*s - 361, 0 = -s - 3*l + h. List the prime factors of s.
3, 13
Let o(b) = -2035*b - 23. Let w be o(-7). List the prime factors of -3*(w/(-78) - (-1)/1).
2, 17
Suppose 81*m - 215837 + 5724 = -8342. List the prime factors of m.
47, 53
Let l be (87*2)/(6*5/(-30)). Let i = -62 - l. List the prime factors of i.
2, 7
Suppose 1561*s - 1570*s + 383272 + 248366 = 0. What are the prime factors of s?
2, 3, 7, 557
List the prime factors of 32580912/1365 + 1/10*2.
23869
List the prime factors of ((-11)/(-22))/((-1)/(-11342)).
53, 107
Let s(u) = -5*u**2 + 133*u - 16. Let n(w) = -4*w + 15. Let a be n(1). List the prime factors of s(a).
2, 421
Let u(x) = -118*x - 597. What are the prime factors of u(-7)?
229
Suppose -3*h + 85805 = -56*l + 58*l, 3*l + 114401 = 4*h. List the prime factors of h.
37, 773
Let k(y) = -4*y**2 + 2*y - 6. Let o be k(7). Let h = o + 234. What are the prime factors of h?
2, 23
Suppose 164*u - 162*u = 3*s + 8099, -2*s = -6. List the prime factors of u.
2, 2027
Suppose -138 = -5*d - 0*d - 2*c, -3*c = 5*d - 137. Suppose 30*k - d*k - 794 = 0. What are the prime factors of k?
397
Suppose 426*v = 497*v - 1461251. List the prime factors of v.
11, 1871
Let i(z) = -945*z - 2983. What are the prime factors of i(-12)?
61, 137
Suppose -4*w + 2*w - y + 35290 = 0, 2*y = 2*w - 35278. List the prime factors of w.
3, 5881
Let n(l) = 219*l**2 - 24*l + 208. What are the prime factors of n(-14)?
2, 10867
Let u = -2246 + 2315. Suppose 10 = -5*a, 5*r - 2*a + 52 - 411 = 0. Suppose j - u = 3*o, -j + r = o - 5*o. List the prime factors of j.
3, 7
Let d(p) = 3*p**3 - 18*p**2 - 2*p - 10. Let x be d(9). Let f = -369 + x. List the prime factors of f.
2, 83
Let w be (2 - 2) + (1 - 5866). What are the prime factors of 3/(-5) - 10/(250/w)?
2, 3, 13
Suppose -66*u = -181*u + 7206200 + 1913415. What are the prime factors of u?
79301
Let c = -11114 + 23635. What are the prime factors of c?
19, 659
Let w(u) = -85*u**3 - u**2 - 9*u - 9. Let p be w(-2). Let k = 1438 - p. What are the prime factors of k?
3, 251
Let s(g) = -110*g + 20. Suppose 4*p = -19 + 47. Let h be s(p). Let t = -502 - h. What are the prime factors of t?
2, 31
Suppose -320*d - 342104 + 494573 = -1054251. What are the prime factors of d?
3, 419
List the prime factors of 2/(-8)*((-2 - 15) + -77107).
3, 6427
Let m(i) be the third derivative of 0 + 0*i - 10*i**2 + 1/20*i**5 - 5/24*i**4 + 1/6*i**3. List the prime factors of m(-4).
3, 23
Let k(m) = 44*m**2 + 2*m + 2. Let n be k(-1). Let s = 0 - n. What are the prime factors of (-3 - s/12)*63?
2, 3, 7
Suppose 0 = -3*z + 3 + 6, 15 = 3*f + 5*z. Suppose -2*a + x + 109 = 0, 5*a + 2*x - x - 255 = f. Let h = 48 + a. List the prime factors of h.
2, 5
Let n = 140 - -3032. Suppose -2*z + n = -5*a + 9*a, 3*z = -3*a + 4761. What are the prime factors of z?
2, 397
Suppose 0 = 6